/120 - 7*h**5/60 - h**4/8 + 4*h**3/3 - 2*h**2 - 14. Let f(d) be the second derivative of a(d). What is f(7)?
-13
Let h(x) = 3*x**2 + 5*x + 8. Let p be h(7). Suppose -p = -b - 4*b. Let g(y) = y**2 + 0 + 40*y - y**3 + 1 - b*y. What is g(2)?
1
Let j = 22 - 11. Suppose 5*p = 2*n - 5*n - 33, p + j = -5*n. Let c(i) = -5 + 0 + 0 + i. Give c(p).
-11
Let j be 2 + (4 - 4/2). Let x be 1*(j/2)/(-2). Let y(g) = -30*g**2 - 6*g - 6. Let b(m) = -25*m**2 - 5*m - 5. Let v(q) = 7*b(q) - 6*y(q). Calculate v(x).
5
Suppose 3*d - 4*j + 8 = d, 0 = -2*d - 5*j + 1. Let t(s) = s**2 - 3*s - 24. Let k be t(7). Let v(i) = -k*i + 7 - 6 - 2 + 2. Determine v(d).
9
Let h = 29 + -26. Suppose -6 = -3*y - 2*f, -h*f = y + 7 - 2. Suppose 0 = -y*q + 8*q. Let t(m) = -m + 7. What is t(q)?
7
Suppose 0 = 8*y - 3 + 67. Let j(w) = w**2 + 7*w - 3. What is j(y)?
5
Let k(b) = 8 + 2*b - 3 + 4*b - 13 + b**2 - 4*b**2. Determine k(2).
-8
Let d(g) = -g + 1. Suppose 3*o - 30 = 6*o. Let j = 2 - o. Let a = 10 - j. Give d(a).
3
Let n(c) = 3*c**2 + 0*c**2 + 4 + 137*c - 2*c**2 - 133*c. Give n(-3).
1
Let r = 16 - 6. Let n be 4/r + (-196)/(-10). Suppose 11*t - 6*t = -n. Let p(i) = -i**3 - 4*i**2 + 2*i - 3. What is p(t)?
-11
Let a(r) = 26*r**2 - 3*r - 1. Let u be a(-1). Suppose 5*p = p - u. Let j(l) = l**3 + 8*l**2 + 9*l + 7. Determine j(p).
-7
Let a(o) be the first derivative of 4*o - 5*o - 1 + o**2 + 0*o**2. Suppose 2*i - 84 = -10*i. Determine a(i).
13
Let z(v) = -7*v + 26. Let l(q) = -2*q + 15. Let d(u) = 5*l(u) - 3*z(u). Give d(-1).
-14
Suppose l + 4*q - 28 = -3*l, 2*q + 21 = 5*l. Let p = l - 8. Let j(c) be the third derivative of -c**5/30 - c**4/6 + 2*c**2. Determine j(p).
-6
Suppose -14 = -2*p - 0*p. Suppose -p*m + 24 = -11*m. Let w(t) = -3 + 11 + t + 0*t. Calculate w(m).
2
Let f = -782 - -786. Let m(k) = -k + 5. Calculate m(f).
1
Let p(k) = -3*k - 3. Let l = 14 - 21. Let f(y) = 10*y + 9. Let v(w) = l*p(w) - 2*f(w). Let i(r) = -r - 2. Let d be i(4). Calculate v(d).
-3
Let y be 148/18 - 36/162. Let v(q) = -5*q + 1. Let l(r) = 15*r - 2. Let s(d) = y*v(d) + 3*l(d). Suppose -t + 5*b = 3*t + 17, -4*t = 5*b - 33. Calculate s(t).
12
Let l(v) = -v**2 + 6*v. Let r(n) = -3*n**2 + n - 3. Let p be r(1). Give l(p).
-55
Let w(f) be the third derivative of f**5/60 + 7*f**4/24 - f**3/2 - 75*f**2. Calculate w(-8).
5
Suppose -4*a + 6*a = -4, -i + a + 10 = 0. Let p be i/(-12) - (-30)/(-9). Let r(c) = c + 4. What is r(p)?
0
Let d(j) be the third derivative of 5*j**4/24 - j**3/6 - 5*j**2. Let n = -6 - -10. Let o = n - 3. Determine d(o).
4
Let x(k) be the second derivative of -k**6/120 - k**5/15 + k**4/4 + 5*k**3/6 + 13*k**2/2 + 13*k. Let y(p) be the first derivative of x(p). Give y(-5).
0
Suppose 3*o + d = -o - 9, 4*d = 2*o + 18. Let j be -1*2 - (o + 5). Let s(m) = -2*m - 3. Let f(l) = -l - 1. Let r(i) = f(i) - s(i). Calculate r(j).
-2
Let q(v) = 2*v + 6. Let x(s) = -5*s + 3. Let z(l) = -l. Let a(y) = x(y) - 6*z(y). Let i(w) = 5*a(w) - 3*q(w). Give i(0).
-3
Suppose 4*m - 17*m = m. Let i(d) = d**2 + d - 7. What is i(m)?
-7
Let k(z) = 10*z**2 - 9*z - 4 + 4 - 271*z**3 + 0*z + 269*z**3. Give k(4).
-4
Let q(l) = -4*l**2 + 43*l + 11. Let x(c) = 3*c**2 - 29*c - 12. Let d(n) = 5*q(n) + 7*x(n). Calculate d(-14).
-1
Suppose q = -5*p + 49, -4*p = -q + 3*q - 68. Suppose -h - 1 = 2*w, -h + 2*w + 0*w = -11. Let n be h/(-2)*q/(-10). Let v(i) = -2*i + 8. What is v(n)?
-4
Let g(i) = i**2 - 2*i - 1. Let a be (7 + 1)*(2/(-4) - -1). Suppose 0 = 2*j - j - 3*c + 14, -a*c = 4*j - 8. Determine g(j).
7
Suppose -6*u - 4*j - 12 = -2*u, -4*u = -3*j + 12. Let o(f) = -13*f + 12. Let g(c) = -28*c + 27. Let n(i) = 5*g(i) - 11*o(i). What is n(u)?
-6
Let x(z) be the second derivative of z**3/2 - z**2/2 - 296*z. Calculate x(-3).
-10
Suppose m = -m - 4*g - 4, -3*g + 7 = 4*m. Let w be 8/m - (2 + 8). Let o = w + 2. Let p(h) = -h**3 - 7*h**2 - 7*h + 3. Calculate p(o).
9
Let d(r) be the second derivative of r**4/4 - 11*r**3/6 + 3*r**2/2 - 15*r + 2. Let f(o) = -13*o**2 + 45*o - 13. Let v(c) = -9*d(c) - 2*f(c). Give v(8).
7
Let o(a) be the third derivative of a**6/120 + a**5/12 - a**4/24 - a**3/6 + 2*a**2. Suppose -q + 6*q = 5*g + 5, 0 = g + 5*q + 25. Calculate o(g).
4
Let z(q) = q**3 - 19*q - 10. Let m(x) = x**3 + x**2 - 15*x - 9. Let p(k) = 6*m(k) - 5*z(k). Determine p(-5).
-4
Let c be (-24)/(-8)*2/(-3). Let t = c + 8. Let v = t + -6. Let k(z) = z**3 + z**2 + 4. What is k(v)?
4
Suppose 0*m = 5*m - 115. Suppose 5*n - 4*n + 5*a + 5 = 0, -5*n = a - m. Let j(h) = -5*h**2 + 2 - 3*h + n + h**3 - 4*h. What is j(6)?
1
Let n(p) = 4*p**3 + 2*p**2 + 2*p - 1. Let q(k) = k**3 - k**2 + 2*k + 1. Let c(b) = -n(b) + q(b). What is c(-2)?
14
Let h = -5 - -5. Let j be (-2 - 12 - -3)*-1. Let q(z) = -8 - z + 12 - j. Calculate q(h).
-7
Let d(z) = -7*z - 25. Let t be d(-4). Let o(i) = i**2 - 8*i + 17. What is o(t)?
2
Let u(n) = -15 - 3 + 8 - 6 + 21*n - 10 + n**2. Give u(-22).
-4
Let x = 18 - 23. Let t(o) = -o**3 - 6*o**2 - 6*o + 4. Let s be t(x). Let u = s + -10. Let j(m) = 6*m**2. Determine j(u).
6
Let u(v) = -6*v - 3. Let a(j) be the first derivative of 11*j**2/2 + 6*j - 36. Let y(i) = -4*a(i) - 7*u(i). Suppose -3*b + 12 = -6. Calculate y(b).
-15
Let j(w) = -w - 2. Let s(c) = 4*c + 11. Let f(h) = -5*h**3 - h**2. Let u be f(1). Let p(v) = u*s(v) - 33*j(v). What is p(2)?
18
Let b be (-10)/8 - -1 - 266/152. Let s be (-12)/8*b/(-3). Let a(h) = 7*h**2 + h. Calculate a(s).
6
Let n(h) = h**3 + 2*h**2 - 1. Let b be n(1). Let k(o) be the third derivative of o**4/4 - 56*o**2. What is k(b)?
12
Let h(q) = -4*q**2 - 20*q - 49. Let s(p) = -p**2 - 5*p - 11. Let r(t) = 2*h(t) - 9*s(t). What is r(-6)?
7
Suppose -10 = -0*m + 5*m. Let l(a) = -3 + 839*a + 2*a**2 - 1681*a + 838*a. Calculate l(m).
13
Let t(j) = -10*j + 2. Suppose 2*c + 2*a + 4 - 20 = 0, 4*c = -5*a + 35. Suppose 0 = -0*g + c*g + 10. Calculate t(g).
22
Let m(v) be the second derivative of -v**4/12 + 11*v**3/6 + v**2/2 - 331*v. Determine m(11).
1
Suppose 2*q + 29*p - 40 = 25*p, -p = -5. Let c(u) = u**2 - 6*u - 5. Calculate c(q).
35
Let b(s) = 2*s - 2. Let r(f) = -2*f + 3. Let c(z) = -6*b(z) - 4*r(z). Let w be -3 + (-5)/(-4 - -3). Suppose -4*d = -10 + w. Calculate c(d).
-8
Let m(q) = -7*q - 1. Let d(s) = -s. Let f(v) = -d(v) - m(v). Let i(h) = -h**3 + 5*h**2 - 2*h - 9. Let o be i(4). Determine f(o).
-7
Let j be 1/(1/(3 - 2)). Let y(x) = x. Let k(d) = 7. Let w(r) = j*y(r) + k(r). Determine w(-6).
1
Let y(r) = -2 + 6*r**2 - r - 2*r**3 + 2*r**3 + r**3. Let z(v) = 11*v**2 - 2*v**2 + 6 + 4*v + 2*v**3 - 6*v**2 - v**3. Let f be z(-3). Give y(f).
4
Let c(g) = -2 - g**3 + 266*g - 1 - 11*g**2 - 269*g. Calculate c(-11).
30
Let b(u) = -6 - 10*u + 4*u + 7 - 4*u. Let a(d) = -2*d - 6*d - d - 2 + 1 - d**2. Let y be a(-9). Calculate b(y).
11
Let p(y) be the second derivative of -y**3/6 + 5*y**2/2 - 307*y. Calculate p(-3).
8
Let u(h) = -3*h**2 + 9*h - 11. Let p(j) = 4*j**2 - 12*j + 12. Let x(d) = -2*p(d) - 3*u(d). What is x(6)?
27
Suppose 2 - 2 = -22*v. Let l(u) = -u**2 - u + 6. Calculate l(v).
6
Suppose 0 = 4*p - 0*s - 3*s + 9, -4*s = -4*p - 4. Let q(z) be the first derivative of -z**4/4 - 2*z**3 - z**2/2 - 2*z + 3. Determine q(p).
4
Suppose -5*v + v - 8 = 0. Let q(o) be the third derivative of -o**4/24 + o**3/3 + 23*o**2. Give q(v).
4
Let r = -4 - -7. Suppose r*u - 5 = 4. Let z(t) = t**3 - 11*t**2 - 11*t. Let b(h) = -3*h**3 + 35*h**2 + 35*h - 1. Let i(a) = 4*b(a) + 13*z(a). Give i(u).
-13
Let t(m) = -m**3 + 4*m**2 - 3*m - 3. Let j be t(3). Let g(x) = 2*x - 4. Give g(j).
-10
Let i(b) = -b + 6. Let z = -9 - -19. Suppose 11*n + z = 6*n. Let d be (n + 2)*7/21. Determine i(d).
6
Suppose 10 = -322*c + 317*c. Let s(y) = -y**2 + 2. Give s(c).
-2
Let n(o) = -5*o + 3. Let j(c) = -3*c**2 - c - 2. Let x be j(-1). Let l(m) = 6*m - 2. Let a(b) = x*n(b) - 3*l(b). What is a(6)?
6
Let z(k) be the third derivative of 1/6*k**3 + 35*k**2 + 0 + 1/24*k**4 + 0*k. Give z(-7).
-6
Let w(z) be the second derivative of -16*z + z**2 + 0 + 1/3*z**4 + 2/3*z**3. What is w(-2)?
10
Let u(h) = h + 2. Suppose -4*g - 4*s + 66 = 2, 20 = g - s. Let f be ((-3)/2)/((g/24)/1). Determine u(f).
0
Let u(g) = -12*g + 13. Let c(j) = j - 5. Let s(b) = 2*c(b) + u(b). What is s(-5)?
53
Let q(z) = z**3 - 4*z**2 - 7*z + 6. Let c(x) = -3*x**2 + x. Let m be c(-1). Let y be (m/2 + 2)/(-1). Suppose y = 3*